 -2*o - 2. Calculate the remainder when 34 is divided by o.
10
Let r = 19 + -2. Let p = 6 + -4. Suppose -n + p*b + 31 = 0, -n + 3*n - 63 = 3*b. Calculate the remainder when n is divided by r.
16
Let x be (28 + -4)*123/(-6). Calculate the remainder when (x/(-24))/(2/4) is divided by 15.
11
Suppose 0 = -4*j + 4 + 4. Suppose -5*t = -13 - j. Calculate the remainder when 8 is divided by t.
2
Let z = 55 - -148. What is the remainder when z is divided by 17?
16
Let x(c) be the second derivative of -c**3/6 + 3*c**2 + 5*c. Calculate the remainder when 2 is divided by x(4).
0
Suppose 5*f + 132 = 3*m + 2*f, 0 = -f + 2. Calculate the remainder when m is divided by 12/(-15)*200/(-16).
6
Let p = -13 - -19. Suppose -m + 31 = -c - 2*c, -47 = -2*m + 3*c. What is the remainder when m is divided by p?
4
Let m(a) = -a**3 + 5*a**2 - 7*a + 12. What is the remainder when 42 is divided by m(3)?
6
Let o = 76 + -61. Calculate the remainder when o is divided by 3.
0
Suppose 0 = -5*p - 5*q + 130, 30 + 5 = p + 4*q. What is the remainder when 112 is divided by p?
20
Suppose -3*v + 7 + 8 = 0. Suppose 0 = 4*o - b - 4*b - 32, -5*o = v*b - 40. Calculate the remainder when 14 is divided by o.
6
Suppose 19 = l - 20. Calculate the remainder when l is divided by 14.
11
Suppose 4*i - o = 2*o + 121, -2*o = -i + 24. What is the remainder when i is divided by (-2)/(-6) + (-78)/(-9)?
7
Suppose 0 = -y + 21 + 10. Let p be (-2)/(-9) + (-573)/27. Let n = 37 + p. What is the remainder when y is divided by n?
15
Suppose -3 = -4*l - 15. Let p be (-8 + -2)*2/(-4). Let a = p + l. What is the remainder when 2 is divided by a?
0
Suppose 4*z - 23 = 17. Calculate the remainder when 4/14 + 786/42 is divided by z.
9
Let j(a) = 2*a**3 - 6*a**2 + 5*a + 3. Let w be j(4). Suppose -7*l = -6*l - w. What is the remainder when l is divided by 14?
13
Let q be 2/5*(2 + 3). Suppose -3*k - q*k = -455. Suppose -3*c = -15, -h + 5*c = -4*h + k. Calculate the remainder when h is divided by 8.
6
Let v(q) be the first derivative of -q**3/3 - 5*q**2 + q + 4. Calculate the remainder when 33 is divided by v(-8).
16
Let m(u) = -7*u**2 - 9*u - 2. Let r be m(-6). Suppose 40 = b - 5*b. What is the remainder when 58 is divided by (12/b)/(12/r)?
18
Suppose q + i + 8 = 0, 0*q + i = -5*q - 36. Let j = q + 11. Suppose -j*n = n - 30. Calculate the remainder when 11 is divided by n.
5
Suppose 5*w - 36 = -2*k + 35, 0 = -2*w + k + 23. What is the remainder when (0 - 55)*12/(-30) is divided by w?
9
Suppose 29*y - 33*y + 116 = 0. What is the remainder when 72 is divided by y?
14
Let n(b) = 15*b**2 + b. Suppose 2*i + 0*i + 2 = 0. Let x(o) = -13*o + 1. Calculate the remainder when x(-3) is divided by n(i).
12
Suppose -5*w + 30 = -4*r, w + r + 13 = -2*r. What is the remainder when 44*(w + (-3)/2) is divided by 12?
10
Suppose -3*j - 2*k = -32, 5*j - 2*j - 26 = 4*k. Calculate the remainder when 98 is divided by j.
8
Suppose 5*u = -h - 22, 8*h - 3*h + 3*u = 0. Suppose h*w = 16 + 2. Calculate the remainder when 10 is divided by w.
4
Let k(t) = -t. Let r be k(4). Let n(o) = -6*o - 7. What is the remainder when 48 is divided by n(r)?
14
Let y(q) = -3*q - 9. Let i(h) = 3*h + 10. Let f(w) = 3*i(w) + 4*y(w). Let u be f(-5). What is the remainder when (-6)/u*(-33)/1 is divided by 8?
6
Let s = 29 - 7. Suppose -5*u + 3 = -s. What is the remainder when 17 is divided by u?
2
Suppose g + 0 + 2 = 0. What is the remainder when 34 is divided by (1/g)/(1/(-24))?
10
Suppose -45 = 4*v + d, 3*v = -0*d + 4*d - 48. Let c = v + 29. What is the remainder when 66 is divided by c?
15
Suppose 29 + 6 = 4*r - l, 0 = -r + 3*l + 17. What is the remainder when 2 is divided by (-2)/r + 27/12?
0
Let b(l) = 5*l**2 + 5*l + 6. Let y(z) = z**2 + z. Let u(r) = b(r) - 6*y(r). Let o be u(0). Suppose 2*s + 68 = o*s. What is the remainder when s is divided by 6?
5
Suppose 0 = -2*j - 2*g + 70, 4*j - 59 = 3*j + 5*g. Calculate the remainder when j is divided by 10.
9
Let x(k) = 4*k**3 - k + 1. Suppose i = -3 + 4. What is the remainder when ((-11)/(-2))/(1/2) is divided by x(i)?
3
Let m = 11 + -7. What is the remainder when 13 is divided by m?
1
Let m = 47 - 34. Suppose 0 = -2*q + 4*q + 4*n + 54, -2*q - 49 = -n. Let k = -18 - q. Calculate the remainder when m is divided by k.
6
Let m(t) = -14*t. What is the remainder when (2 + 2)*(-13)/(-2) is divided by m(-1)?
12
Suppose 147 - 31 = 2*g. Let m(k) = -k**2 - 4*k + 1. Let c be m(-2). Suppose 15 + c = z. What is the remainder when g is divided by z?
18
Let x = 0 - -3. Suppose -2*j + k = -x*j + 35, 0 = -4*j + 4*k + 100. Calculate the remainder when j is divided by 11.
8
Suppose -5*j + 11 + 69 = 0. Calculate the remainder when j is divided by 9.
7
Let g be (-1)/(-2 + 9/5). Suppose g*m + 2*j = 6 + 48, 5*m - 3*j - 44 = 0. What is the remainder when m is divided by 3?
1
Let o be -17*(1 - 0)*-1. Suppose -1 = -f + o. Calculate the remainder when f is divided by (-160)/(-15) - 2/3.
8
Let y = 45 - 30. What is the remainder when 41 is divided by y?
11
Suppose -2*h = -2*z + 4, -z - 5*h = -2*h - 14. Suppose -2*s = z*n - 11, 2*s + 0*s = 6. Suppose -2*b - 1 = -3*b. Calculate the remainder when b is divided by n.
0
Let u(g) = -g**2 + 28*g + 82. Calculate the remainder when u(29) is divided by 20.
13
Let k be (-29)/9 - (-2)/9. Let h = k - -11. What is the remainder when 23 is divided by h?
7
Suppose 3*s + 16 = -4*k - 4, -k = 4*s + 5. Suppose 0*j - 3*y = 5*j - 80, s = 4*j + 3*y - 64. Calculate the remainder when j is divided by 6.
4
Suppose -7*k + 220 + 256 = 0. Calculate the remainder when k is divided by 18.
14
Let w = 70 + -58. Calculate the remainder when 70 is divided by w.
10
Let q = -4 - -6. Suppose -2*r - q*r + 172 = 0. Calculate the remainder when r is divided by 11.
10
Let g = 42 + -25. Suppose 27 + g = 4*y. What is the remainder when 41 is divided by y?
8
Let a(c) = 2*c**2 + 5*c. Let n(g) = g - 14. Let h be n(5). Calculate the remainder when a(h) is divided by 30.
27
Let s = -1 - 1. Let q be (-744)/22 + s/11. What is the remainder when -2 + q*(-3)/6 is divided by 8?
7
Let j be (4/12)/(2/18). Suppose 0 = -3*k + 15, -m = 2*m + j*k - 177. Calculate the remainder when m is divided by 14.
12
Let m = -7 + 6. Let o = 3 - -1. What is the remainder when o is divided by m - (-1 + 1 + -3)?
0
Let q = -12 - -20. What is the remainder when 14 is divided by q?
6
Let k be (12/(-10))/(6/(-15)). Suppose k = j - 2. Suppose -i - 12 = -4*i, -j*f = -5*i - 20. What is the remainder when 14 is divided by f?
6
Suppose 0*a - 5*o = 2*a + 1, 2*o - 2 = -2*a. What is the remainder when ((-4)/a)/((-1)/8) is divided by 6?
4
Suppose -4*t - 44 = -4*r, 0 = r + 3*t - 17 - 14. What is the remainder when 62 is divided by r?
14
Let d(t) = 6*t**3 + t**2. Suppose -3*r - 2*r = -5. What is the remainder when 13 is divided by d(r)?
6
Let b = 0 + -3. Let k(c) = c**2 + c - 4. What is the remainder when b/9 + 91/3 is divided by k(-5)?
14
Suppose 4*x + 5*d = -0*d + 274, -221 = -3*x + 4*d. Let j = 46 + -28. What is the remainder when x is divided by j?
17
Let w(x) = x**2 - x + 23. Suppose -4*k + 124 = 2*f, 3*k = 4*f - 312 + 97. Suppose 16 = -5*h + f. What is the remainder when w(0) is divided by h?
7
Let o = -16 + 27. Calculate the remainder when 19 is divided by o.
8
Calculate the remainder when 13*(-2 - 3/(-1)) is divided by 4.
1
Let p = -78 + 81. Calculate the remainder when 7 is divided by p.
1
Suppose -28 = -3*g - 7. Suppose -4*l = 5*j - 7, j = -g + 2. What is the remainder when 23 is divided by l?
7
Suppose 0*a - 5*a + 20 = 2*j, a - 7 = -j. Suppose a*p - 30 = 3*v - 4*v, 0 = -5*p - 20. Let q(m) = -3*m - 2. Calculate the remainder when v is divided by q(-5).
12
Let s(d) be the first derivative of 13*d**3/3 - d**2/2 - d - 2. Suppose 4 + 0 = 2*j. What is the remainder when s(j) is divided by 13?
10
Let u(m) = -6*m - 3 + 0 + 7*m + 9*m + 2*m**2. What is the remainder when 47 is divided by u(-7)?
22
Suppose 5*f - 18 + 3 = 0. What is the remainder when 7 is divided by f?
1
Let q be (0 + (-3)/(-2))*2. Suppose q*p - 132 = -y, -2*y = 2*y. What is the remainder when p is divided by 4/8 + (-58)/(-4)?
14
Let l(f) = 5*f - 1. Let i(x) = -3*x + 1. Let n(o) = 8*i(o) + 5*l(o). What is the remainder when 17 is divided by n(3)?
5
Let f(t) = 14*t**2 - 41*t - 18. Let p(s) = -5*s**2 + 14*s + 6. Let d(m) = -